9 + -7829. What are the prime factors of f?
2, 5, 17
Let x be (-4624)/(-102)*(-1 + 1/(-2)). Let v = 83 + x. List the prime factors of v.
3, 5
Let s(r) = -221*r - 62. List the prime factors of s(-3).
601
Let k(t) = -17 - 26*t - t**3 + 43*t**2 - 24*t**2 - 29*t**2. What are the prime factors of k(-7)?
2, 3
Let r be (1 - -26)/(-3)*-4. Suppose 4*b + r = 6*b. Let m = b - 5. What are the prime factors of m?
13
What are the prime factors of 0 + 228 - 9/(-3)?
3, 7, 11
Suppose 0 = 30*y - 4315 - 11345. List the prime factors of y.
2, 3, 29
Let c = 791 - -1134. List the prime factors of c.
5, 7, 11
Let a(d) = -d**2 - 2*d. Let w be a(-2). Suppose -33*y + 38*y - 440 = w. What are the prime factors of y?
2, 11
Let o(y) = 0*y + 4*y**3 + 4 - 2*y + 15*y**2 - 3*y**3 + 4. Let t be o(-15). Suppose w = 5*j + 42, w - t = -0*w + 4*j. What are the prime factors of w?
2, 11
Suppose -4*v + 5*y + 27 = 0, 0 = 3*v - 0*v - 5*y - 19. Let g = -100 - -94. Let d = v + g. List the prime factors of d.
2
Let y(q) = -q + 8. Let g be y(0). Suppose g = d - 6. What are the prime factors of d?
2, 7
Let o(x) = x**2 + 6*x - 5. Let z(u) = -u**3 - 5*u**2 + 3*u - 2. Let q be z(-5). Let r = q - -23. List the prime factors of o(r).
67
Suppose 3*w + 5 = -5*k - 3, -2*k = -4. What are the prime factors of w/8 + (3 - 654/(-8))?
2, 3, 7
Suppose 4*r + 0*a - 1364 = 4*a, -r = 4*a - 326. Suppose 0 = -0*b + 2*b - 4, r = 4*q + b. Let m = q - 55. List the prime factors of m.
29
Let h = 24 + -114. Let a = h - -152. What are the prime factors of a?
2, 31
Let y = -170 + 303. Suppose 5*u = y + 12. List the prime factors of u.
29
Let d(i) = i**3 - 10*i**2 - 10*i - 7. Let b be d(11). Suppose n = -0*z + 2*z - 1, z = b*n - 17. List the prime factors of n.
5
Suppose 0 = -11*l + 6164 + 4539. What are the prime factors of l?
7, 139
Suppose 5*g + 0*g + 40 = 0. Let k = 24 + g. What are the prime factors of k?
2
Suppose -2*c + 56 = -0*c. Let k be (-495)/(-7) + 8/c. Let a = -39 + k. What are the prime factors of a?
2
Let n(j) = -8*j - 13*j + 6*j + 0*j. What are the prime factors of n(-7)?
3, 5, 7
Let b = -468 - -655. Suppose h - 6*h = 2*j - b, 70 = 2*h - 4*j. What are the prime factors of h?
37
List the prime factors of 2*(-535)/(-20)*2.
107
Let j(z) = 12*z + 1. Let r be j(1). Suppose 2 = 14*w - r*w. What are the prime factors of w?
2
Let i(x) = 10*x**3 - 2*x**2 + 8*x - 5. Let g = 16 + -13. List the prime factors of i(g).
271
Let v = 258 - 120. What are the prime factors of v?
2, 3, 23
Suppose -6*z = -9*z. Suppose -2 = q - 2*q, z = 3*h + 2*q - 487. List the prime factors of h.
7, 23
Suppose r = 3*v + 1 - 5, -4 = -4*r + 2*v. Suppose 0 = r*d + 3*d + 10, -3*p + 386 = -d. Suppose -p = -3*x - 5*x. List the prime factors of x.
2
Suppose 0 = -5*s + 5*w + 750, -5*s - 5*w + 1110 = 370. List the prime factors of s.
149
Let o = 12 + -6. Let d(l) = 8*l**2 - 13*l - 14. Let m(q) = 7*q**2 - 12*q - 13. Let p(n) = -5*d(n) + 6*m(n). What are the prime factors of p(o)?
2, 11
Suppose 0 = -24*z + 23*z - 22. Suppose -2*p - 38 = 3*c + 75, 10 = 2*p. Let x = z - c. What are the prime factors of x?
19
Let g = 28 + -23. Suppose g*d + 258 = 7*d. List the prime factors of d.
3, 43
Let x be (-10 + 2)*(-6)/4. List the prime factors of (81/x - 3)/(1/4).
3, 5
Let u be 2 + 4 + -3 + -5. What are the prime factors of u + (-202)/((-8)/4)?
3, 11
Suppose n = -4 + 5. Suppose -4*b + 11 = 27. What are the prime factors of n + b + 0 + 30?
3
Let h(m) = 524*m**2 + 14*m - 30. List the prime factors of h(2).
2, 3, 349
Suppose -o - 8*o + 4464 = 0. What are the prime factors of o?
2, 31
Suppose 1382 = 8*p - 114. Suppose p - 17 = 10*a. List the prime factors of a.
17
Suppose 0 = -5*x - z + 7746, -996 = -3*x - 2*z + 3653. What are the prime factors of x?
1549
Let q = 509 - 186. What are the prime factors of q?
17, 19
Suppose 3994 = c + 3*u, -9*u = 4*c - 6*u - 15949. List the prime factors of c.
5, 797
Let q = 288 - 156. Suppose -t = 5*t - q. Suppose -5*m - 10 = 0, 3*m - 5 + t = b. What are the prime factors of b?
11
What are the prime factors of 90/((-6)/10 + 1)?
3, 5
Let w be (3*(3 + -2))/(-1). Let z(j) = 6*j**2 + 6*j + 8. Let k(n) = 5*n**2 + 5*n + 8. Let i(m) = 7*k(m) - 6*z(m). List the prime factors of i(w).
2
Suppose -35*h = -11*h - 47256. What are the prime factors of h?
11, 179
Let x = 75 - -18. Let w = x - 65. List the prime factors of w.
2, 7
Let o be ((-30)/4)/(6/(-12)). Suppose -4*c = 13 + o. List the prime factors of c*(-2)/6*3.
7
Let t(v) = v**2 - 4*v - 532. What are the prime factors of t(69)?
59, 67
Let d(m) = 6*m**3 + 2*m**2 - m - 2. Let k be d(-1). Let l be -691 - (k - -1)*1. What are the prime factors of l/(-13) + (-6)/(-39)?
53
Suppose 3*g = -7*g + 20. List the prime factors of (-25)/g*(-32)/10.
2, 5
Let p = -27 - -78. What are the prime factors of 1/2 + p/34?
2
Suppose v + 0*v = 120. Suppose -2*o + v = 16. What are the prime factors of o?
2, 13
Let p(c) = -12*c - 19. Let m(g) = -6*g**2. Let q be m(1). What are the prime factors of p(q)?
53
Let l(t) = 10*t**2 + t + 1. Let r be l(2). Let n(v) = -v - 13. Let y be n(5). Let g = y + r. What are the prime factors of g?
5
Suppose -2*f + 5*o = -705, 0 = -7*o + 5*o + 10. List the prime factors of f.
5, 73
Suppose 63 = -3*r - 3*y, r - 5*y = -0*y - 3. Let x = r - -40. Let u = 82 - x. What are the prime factors of u?
2, 3, 5
Suppose 0 = -17*d + 7052 + 11699. List the prime factors of d.
1103
Let j = 759 + -357. What are the prime factors of j?
2, 3, 67
Suppose 6*x = 9*x - 411. Suppose 4*z = x + 99. Let k = z + -19. What are the prime factors of k?
2, 5
Let p be (4/3)/(16/24). Let c be (43 + 3)/2 - p. Suppose z - t = c, -z + 0*z = 4*t - 1. List the prime factors of z.
17
Let b = -380 + 178. Let n = 398 + b. What are the prime factors of n?
2, 7
What are the prime factors of (-40)/(-16)*22122/15?
3, 1229
Let w be 1/(3/15) + 0. Suppose -w*u + 9 = -2*u. Suppose -u*l + 3 = -4*g - 64, -39 = -2*l - 3*g. List the prime factors of l.
3, 7
Suppose 0 = 9*z - 2*z - 3465. What are the prime factors of z?
3, 5, 11
Suppose -29*r + 11*r + 1944 = 0. List the prime factors of r.
2, 3
What are the prime factors of (-3)/(-12)*1 - 33473/(-44)?
761
Let m(i) = 35*i + 2. Let z = 10 - 9. List the prime factors of m(z).
37
Let p(g) = -4*g + 35. Let f be p(8). Suppose -4*x + 356 = -5*q + 77, -f*q = -2*x + 141. What are the prime factors of x?
2, 3, 11
Let d = -6839 - -10368. List the prime factors of d.
3529
Let g = 6 - 13. Let y = 9 + g. Suppose 2*b - 4*p = -y*b + 120, 0 = -2*b - p + 51. What are the prime factors of b?
3
Let b(n) = n**2 - 9*n - 13. List the prime factors of b(-9).
149
Suppose -2*u = 4*t - 578, 0*t + 703 = 5*t - 4*u. Let i = 52 + t. Suppose 0 = -7*y + i - 41. What are the prime factors of y?
2, 11
Let o(n) = n**3 + 6*n**2 + 2*n. Let s(u) = u**2 - 6*u + 5. Let t be s(6). Suppose -1 = -r - t. List the prime factors of o(r).
2, 3
Suppose -3*f - 2*f = -120. Suppose -f = -2*z + 22. Let d = z + -2. What are the prime factors of d?
3, 7
Let p(g) = 43*g**2 - 8*g + 12. List the prime factors of p(3).
3, 5
Suppose -12*m = 7*m - 12521. List the prime factors of m.
659
Let x(u) = u**2 - 6*u - 7. Let t be x(9). Let b = t + 27. What are the prime factors of b?
47
Let m(r) = -183*r - 172. List the prime factors of m(-9).
5, 59
Let s(d) be the third derivative of d**5/12 + 5*d**4/24 + d**3/3 - 7*d**2. Let o be s(-4). Let p = o + -43. List the prime factors of p.
19
Let v(q) = q**3 + 12*q**2 + 27*q + 40. Let h be v(-9). Let j(o) = -o + 1. Let x be j(-3). Suppose 9*k - h = x*k. What are the prime factors of k?
2
Let t = -194 - -316. Let w = t + -32. What are the prime factors of w?
2, 3, 5
Let h = -16 - -20. Let n(q) = 0*q**2 - h*q**2 - 10*q + 6*q**2 + q + 7. What are the prime factors of n(7)?
2, 3, 7
Suppose 0*q = -3*q - g + 28, -3*q + g + 32 = 0. Let p = -6 + q. Suppose -r + 4 - 98 = -p*m, -5*m = -4*r - 123. What are the prime factors of m?
23
Let g(o) = o**3 + 7*o**2 + 6*o + 3. Let d be g(-6). Let x(v) = v + 6*v**2 - 2*v**2 + 2*v**d + 2*v**2 - 3*v**3. List the prime factors of x(6).
2, 3
Suppose -o + 4*o - 4*h - 22 = 0, -2*o = h. Let k(y) = y**2 - 5*y + 8*y + 0*y**o + 0*y**2 - 3. List the prime factors of k(-6).
3, 5
Suppose -2*z + 55 = 3*z - 5*i, -41 = -3*z + i. Suppose z*l = 5*l + 2880. What are the prime factors of l?
2, 3
Let